{"id":24512,"date":"2018-05-03T08:43:39","date_gmt":"2018-05-03T07:43:39","guid":{"rendered":"https:\/\/www.hueckelhoven.de\/?page_id=24512"},"modified":"2023-01-11T10:47:29","modified_gmt":"2023-01-11T09:47:29","slug":"ansprechpartner","status":"publish","type":"page","link":"https:\/\/hueckelhoven.de\/feuerwehr\/feuerwehr\/loescheinheiten\/loescheinheit-brachelen\/ansprechpartner\/","title":{"rendered":"Ansprechpartner"},"content":{"rendered":"\n<p class=\"has-text-align-left\"><strong>L\u00f6scheinheitsf\u00fchrer<\/strong><\/p>\n\n\n\n<ul class=\"wp-block-list\"><li>OBM Simon Jansen<\/li><\/ul>\n\n\n\n<p><strong>stv. L\u00f6scheinheitsf\u00fchrer<\/strong><\/p>\n\n\n\n<ul class=\"wp-block-list\"><li>OBM Christoph Mathesius<\/li><li>L\u00f6scheinheit: <a href=\"mailto:brachelen@hueckelhoven112.de\">brachelen@hueckelhoven112.de<\/a><\/li><\/ul>\n\n\n\n<hr class=\"wp-block-separator has-alpha-channel-opacity\"\/>\n\n\n\n<p>Feuerwehr-Ger\u00e4tehaus Brachelen<\/p>\n\n\n\n<p class=\"has-text-align-left\">41836 H\u00fcckelhoven, <span class=\"_Xbe\">Alter Steinweg 3<\/span><\/p>\n","protected":false},"excerpt":{"rendered":"<p>L\u00f6scheinheitsf\u00fchrer OBM Simon Jansen stv. L\u00f6scheinheitsf\u00fchrer OBM Christoph Mathesius L\u00f6scheinheit: brachelen@hueckelhoven112.de Feuerwehr-Ger\u00e4tehaus Brachelen 41836 H\u00fcckelhoven, Alter Steinweg 3<\/p>\n","protected":false},"author":2,"featured_media":0,"parent":24459,"menu_order":5,"comment_status":"closed","ping_status":"closed","template":"page-templates\/fuerwehr.php","meta":{"footnotes":""},"class_list":["post-24512","page","type-page","status-publish","hentry"],"acf":[],"_links":{"self":[{"href":"https:\/\/hueckelhoven.de\/feuerwehr\/wp-json\/wp\/v2\/pages\/24512","targetHints":{"allow":["GET"]}}],"collection":[{"href":"https:\/\/hueckelhoven.de\/feuerwehr\/wp-json\/wp\/v2\/pages"}],"about":[{"href":"https:\/\/hueckelhoven.de\/feuerwehr\/wp-json\/wp\/v2\/types\/page"}],"author":[{"embeddable":true,"href":"https:\/\/hueckelhoven.de\/feuerwehr\/wp-json\/wp\/v2\/users\/2"}],"replies":[{"embeddable":true,"href":"https:\/\/hueckelhoven.de\/feuerwehr\/wp-json\/wp\/v2\/comments?post=24512"}],"version-history":[{"count":2,"href":"https:\/\/hueckelhoven.de\/feuerwehr\/wp-json\/wp\/v2\/pages\/24512\/revisions"}],"predecessor-version":[{"id":65547,"href":"https:\/\/hueckelhoven.de\/feuerwehr\/wp-json\/wp\/v2\/pages\/24512\/revisions\/65547"}],"up":[{"embeddable":true,"href":"https:\/\/hueckelhoven.de\/feuerwehr\/wp-json\/wp\/v2\/pages\/24459"}],"wp:attachment":[{"href":"https:\/\/hueckelhoven.de\/feuerwehr\/wp-json\/wp\/v2\/media?parent=24512"}],"curies":[{"name":"wp","href":"https:\/\/api.w.org\/{rel}","templated":true}]}}