{"id":35232,"date":"2018-05-03T12:11:33","date_gmt":"2018-05-03T11:11:33","guid":{"rendered":"https:\/\/www.hueckelhoven.de\/?page_id=35232"},"modified":"2018-05-03T12:11:33","modified_gmt":"2018-05-03T11:11:33","slug":"geschichte-qvc","status":"publish","type":"page","link":"https:\/\/hueckelhoven.de\/feuerwehr\/feuerwehr\/loescheinheiten\/hauptamtliche-wache\/geschichte-qvc\/","title":{"rendered":"Geschichte QVC"},"content":{"rendered":"<section style=\"\" class=\"\">\n\t\t\t\t\t<div class=\"container\" style=\"padding:    ; margin:    ;  max-width: 100%;\">\n\t\t\t\t\t\t<div class=\"row\"><div class=\"col-md-36 \" style=\"\"><div class=\"headings text-left \">\n                    <h2>Geschichte<\/h2>\n                <\/div><div class=\"   \"><\/p>\n<p><strong>Die Gr\u00fcndung der QVC Feuerwehr<\/strong> begann im zweiten Halbjahr 2005.<\/p>\n<p>Nach Gespr\u00e4chen mit der Stadt H\u00fcckelhoven (B\u00fcrgermeister B. Jansen) und der Fa. QVC eDistribution Inc. &amp; Co KG (Direktor Logistik W. Appelhans) wurde vereinbart, in der Zeit von Mo. bis Fr. zwischen 7:00 Uhr und 17:00 Uhr mindestens eine Staffel von sechs Feuerwehrleuten vorzuhalten, um die Feuerwehr H\u00fcckelhoven im Tagesabmarsch zu unterst\u00fctzen.<!--more--><\/p>\n<p>Mit der Gr\u00fcndung der QVC Unterst\u00fctzungseinheit wurden die beiden Standbrandinspektoren der Feuerwehr H\u00fcckelhoven, der damalige Wehrleiter Frank Just und der damalige stv. Wehrleiter J\u00f6rg Brand betraut. Da J\u00f6rg Brand im Unternehmen t\u00e4tig war, wurde ihm die Leitung der QVC Unterst\u00fctzungseinheit \u00fcbertragen.<\/p>\n<p>Hierauf folgte dann die Werbung unter den QVC-Mitarbeitern. Sieben freiwillige QVC-Mitarbeiter stellten sich der neuen Herausforderung. Anfang 2006 konnten die sieben fertig ausgebildeten Feuerwehrfrauen und -m\u00e4nner ihren Einsatzdienst aufnehmen.<\/p>\n<p>Um die vereinbarte Unterst\u00fctzung erf\u00fcllen zu k\u00f6nnen, wurde das Schichtmodell der Mitarbeiter angepasst (Versetzung von 3-Schichtsystem in die Tagesschicht). Im Oktober 2006 wurden weitere acht Feuerwehrfrauen und -m\u00e4nner ausgebildet. Sie durchliefen auf der Feuerwache in H\u00fcckelhoven unter der Federf\u00fchrung der hauptamtlich besetzten Wache ihre Grundausbildung, die alle im Mai 2007 erfolgreich abschlie\u00dfen konnten.<!--more--><\/p>\n<p>Wegen der Personalfluktuation \u00fcber die Jahre wurde Anfang 2012 einen weiteren Feuerwehrgrundlehrgang (Grundlehrg\u00e4nge: Modul 1-4, Atemschutzger\u00e4tetr\u00e4gerlehrgang, Sprechfunker usw.) ins Leben gerufen und wieder die Ausbildung durch die Kr\u00e4fte der hauptamtlich besetzten Wache durchgef\u00fchrt.<\/p>\n<p>Aktuell versehen zurzeit acht aktive QVC-Mitarbeiter ihren Einsatzdienst in der QVC-Feuerwehr.\u00a0 Alle aktiven Einsatzkr\u00e4fte bekleiden je nach Ausbildungstand den Dienstgrad nach Laufbahnverordnung.<!--more--><\/p>\n<p>So findet man in der Einheit den Dienstgrad vom Feuerwehrmann bis zum Stadtbrandinspektor.<\/p>\n<p>\n<\/div><\/div><\/div>\n\t\t\t\t\t<\/div>\n\t\t\t\t<\/section>\n","protected":false},"excerpt":{"rendered":"<p>Die Gr\u00fcndung der QVC Feuerwehr begann im zweiten Halbjahr 2005. Nach Gespr\u00e4chen mit der Stadt H\u00fcckelhoven (B\u00fcrgermeister B. Jansen) und der Fa. QVC eDistribution Inc. &amp; Co KG (Direktor Logistik W. Appelhans) wurde vereinbart, in der Zeit von Mo. bis Fr. zwischen 7:00 Uhr und 17:00 Uhr mindestens eine Staffel von sechs Feuerwehrleuten vorzuhalten, um [&hellip;]<\/p>\n","protected":false},"author":2,"featured_media":0,"parent":24455,"menu_order":0,"comment_status":"closed","ping_status":"closed","template":"page-templates\/fuerwehr.php","meta":{"footnotes":""},"class_list":["post-35232","page","type-page","status-publish","hentry"],"acf":[],"_links":{"self":[{"href":"https:\/\/hueckelhoven.de\/feuerwehr\/wp-json\/wp\/v2\/pages\/35232","targetHints":{"allow":["GET"]}}],"collection":[{"href":"https:\/\/hueckelhoven.de\/feuerwehr\/wp-json\/wp\/v2\/pages"}],"about":[{"href":"https:\/\/hueckelhoven.de\/feuerwehr\/wp-json\/wp\/v2\/types\/page"}],"author":[{"embeddable":true,"href":"https:\/\/hueckelhoven.de\/feuerwehr\/wp-json\/wp\/v2\/users\/2"}],"replies":[{"embeddable":true,"href":"https:\/\/hueckelhoven.de\/feuerwehr\/wp-json\/wp\/v2\/comments?post=35232"}],"version-history":[{"count":0,"href":"https:\/\/hueckelhoven.de\/feuerwehr\/wp-json\/wp\/v2\/pages\/35232\/revisions"}],"up":[{"embeddable":true,"href":"https:\/\/hueckelhoven.de\/feuerwehr\/wp-json\/wp\/v2\/pages\/24455"}],"wp:attachment":[{"href":"https:\/\/hueckelhoven.de\/feuerwehr\/wp-json\/wp\/v2\/media?parent=35232"}],"curies":[{"name":"wp","href":"https:\/\/api.w.org\/{rel}","templated":true}]}}